e remainder when 14 is divided by w?
4
Let v = -14 + 24. Suppose m + v = 2*m. What is the remainder when m is divided by ((-4)/(-6))/((-1)/(-6))?
2
Calculate the remainder when 18/(-9) - (-48 - 1 - 1) is divided by 13.
9
Suppose 0 = 2*q - 8 - 12. Let d be 1 + (12 - 2 - -2). Suppose -r + 5 = -d. What is the remainder when r is divided by q?
8
Let o be 30/7 + 4/(-14). Suppose 2*d - 24 = o. What is the remainder when 27 is divided by d?
13
Let t(u) = u**3 - 4*u**2 - 3*u - 6. Calculate the remainder when t(5) is divided by 3.
1
Suppose -297 = -3*x + h - 2*h, 2*x = -3*h + 205. What is the remainder when x is divided by 34?
30
Suppose -110 = -9*x - 11. Calculate the remainder when 40 is divided by x.
7
Let a = 13 + -9. Suppose d + 153 = a*d. What is the remainder when d is divided by 13?
12
Let c(o) = -o**2 + 2*o**2 + 12 + 10*o - 9*o + o**3. Suppose 4*y = 108 + 24. What is the remainder when y is divided by c(0)?
9
Let s(h) = h**3 - h. Let q be s(0). Let y(u) = -u**2 + 5. What is the remainder when (-148)/(-16) + (-1)/4 is divided by y(q)?
4
Let m = -6 - -6. Suppose -3*i - 2*i - 100 = m. Calculate the remainder when 4 is divided by (-2)/(-10) - 36/i.
0
Suppose 0 = -5*d + 2*d + 30. Let q(l) = -3*l**3 + 3*l**2 - 2. Calculate the remainder when d is divided by q(-1).
2
Suppose 0 = -21*f + 20*f + 40. Calculate the remainder when f is divided by 22.
18
Let o(l) = -l**2 + 2*l. Let t be o(3). Let b be (2*3/t)/(-2). Suppose -z + b + 5 = 0. What is the remainder when 16 is divided by z?
4
Let t be (0 - 3)*(-55)/33. Suppose -3*m - 118 = -5*w, 3*w - 26 - 38 = -t*m. Let c(z) = -z**3 + 45. What is the remainder when c(0) is divided by w?
22
Let b(w) = w**3 - 3*w**2 - 3*w + 8. Let f be b(4). Let r = f - 5. Calculate the remainder when 18 is divided by r.
4
Suppose 0*x = 2*x - 306. Let m be 6/(-12) - x/(-2). What is the remainder when 15 is divided by m/10 + (-12)/(-30)?
7
Suppose -6*z - 9*z = -45. Suppose f - 6*f + 30 = 0. Calculate the remainder when f is divided by z.
0
Suppose 0 = -4*z + 284 + 340. Suppose -3*a + 18 = -z. What is the remainder when a is divided by 15?
13
Let q = -7 + 14. Let a(x) = -x**3 + 9*x**2 + 12*x - 15. Calculate the remainder when q is divided by a(10).
2
Suppose -3*d - 2*d = -3*x - 44, 5*d = 4*x + 47. Calculate the remainder when d is divided by 1.
0
Suppose -24*t = -27*t + 18. What is the remainder when t is divided by 4?
2
Calculate the remainder when (141/(-3))/((-1)/3) + -3 is divided by 28.
26
Suppose -84 = 2*i - 2*h, -4*i + 4*h - 167 = -h. Let r = -31 - i. What is the remainder when 31 is divided by 100/r - (-2)/(-6)?
7
Let q = -15 - -14. Let b(j) = 10*j**2 - 1. Suppose 0 = -y + d + 21, -y + 3*d = -2*d - 37. What is the remainder when y is divided by b(q)?
8
Let a be (-1)/((-2)/3)*6. Let o = a + 0. Suppose z - 2*n = 4*z - 68, -z - 2*n = -16. Calculate the remainder when z is divided by o.
8
Let y(d) = -d - 7. Let l(m) be the second derivative of -7*m**3/6 + m**2/2 - 2*m. Calculate the remainder when l(-3) is divided by y(-15).
6
Suppose 32 = 4*n - 5*q, -2*q = -3*n + 2*q + 24. Calculate the remainder when 15 is divided by n.
7
Suppose 4*m - 8 = 96. What is the remainder when 75 is divided by m?
23
Suppose -d - 32 = -3*d - 4*x, 3*x = 4*d - 42. Calculate the remainder when d is divided by 3.
0
Let k(x) = -x**2 + 2*x + 3. Let s be k(3). Suppose s = -2*f + 5*f - 51. Calculate the remainder when 48 is divided by f.
14
Let j = 202 - 355. What is the remainder when 65 is divided by (-4)/(-3)*j/(-6)?
31
Suppose -2*d + 3*d - 12 = j, -20 = -2*d + 4*j. Calculate the remainder when d is divided by 5.
4
Suppose -s + 6 = -4*s. Let r = s + 5. Suppose -r*w = -4*a - 148, 0 = 3*w + 2*w - 3*a - 232. What is the remainder when w is divided by 23?
21
Suppose -54 = -3*r - 0*r. Suppose -5*k - 3*p = -27, 0 = -5*k + 3*p + 37 - 4. What is the remainder when k/9*(-318)/(-4) is divided by r?
17
Suppose o + o = 56. Calculate the remainder when 104 is divided by o.
20
Let p(f) = -f**2 + f + 2. Let z be p(0). Suppose -3*t = 4*l - 1, 2*t - 27 = t + 4*l. Calculate the remainder when t is divided by z/(-8) - (-17)/4.
3
Suppose 2 = -5*n + c, 6 + 4 = 5*c. Suppose 0 = -2*d, -5*x + n*d - 2*d = -35. Calculate the remainder when 11 is divided by x.
4
Suppose -18*p + 3 = -17*p. What is the remainder when 27 is divided by p?
0
Suppose -f + 50 = 5*g - 81, -12 = 3*f. Suppose 4*c - c + 2*s - g = 0, 3*s = 9. Calculate the remainder when 19 is divided by c.
5
Let p = 0 + 4. Calculate the remainder when 17 is divided by p.
1
Suppose -4*u = -9*u - 4*b + 78, 3*u + 5*b = 52. What is the remainder when 55 is divided by u?
13
Suppose 2*d + 3 = -4*m - 13, -2*m = 4*d + 14. Let l be (-6)/6 - (-1 + m). What is the remainder when 16 is divided by l/(-3) + 6 + 1?
4
Let j(k) = -k**3 + 10*k**2 - 11*k + 13. Let h be j(9). Let s(c) = -2*c + 5. Calculate the remainder when 27 is divided by s(h).
12
Let v(w) = -w + 1. Let h be v(-2). Suppose 22 - 102 = -5*o - 5*q, 0 = -h*o + 3*q + 36. Calculate the remainder when 40 is divided by o.
12
Let n(d) = -d + 19. Let w be n(0). Suppose 4*q = 5*q - w. Calculate the remainder when q is divided by 7.
5
Calculate the remainder when 70 is divided by 7/(14/(-12))*-3.
16
Let t = -4 - -11. Let a = t + -4. Let l = -3 - -8. What is the remainder when l is divided by a?
2
Suppose -5*j + 62 = -4*i, -i + 4*i + 8 = j. Let c be -4*(1 + (-4)/2). Suppose -157 = -c*q + 3. What is the remainder when q is divided by j?
12
Suppose 0 = -68*j + 66*j + 6, 0 = y - 3*j - 12. What is the remainder when 15*3/(6/8) is divided by y?
18
What is the remainder when 55 is divided by 3 + -1 + 12*1?
13
Let t = 13 + 2. What is the remainder when t is divided by 6?
3
Let r(m) = m**3 - 3*m**2 + m + 2. Let b be r(3). Suppose 0 = 5*g + 4*y - 22, b*g = g - 3*y + 17. Calculate the remainder when 5 is divided by g.
1
Suppose c - 17 = -0. Let m = 106 + -71. Let y = m + -2. What is the remainder when y is divided by c?
16
Let q(a) = -a**2 - a + 20. Let g be q(0). Suppose 2*w + g = -2*o + 64, 120 = 4*o - 4*w. Calculate the remainder when o is divided by 14.
12
Suppose 4*g - 90 = -2*f, -2*f + g + 118 = -2*g. Calculate the remainder when f is divided by 28.
25
Let w(z) = 0*z - 5*z - 5 + 3*z. Calculate the remainder when w(-6) is divided by 3.
1
Suppose 26*p - 68 = 22*p. What is the remainder when 82 is divided by p?
14
Let w(q) = q**3 - 5*q**2 + 6*q - 6. Let c be w(4). Suppose 4*r + a - 43 = -c*a, 4*r = -2*a + 46. What is the remainder when r is divided by 7?
6
Suppose -t = -3*l - 2, 0*l - 3*l - 7 = -2*t. Let f = 6 - t. Calculate the remainder when 2 is divided by (f + -4)*(-2)/6.
0
Let u be 84/36 + (-2)/(-3). Let t(j) = j**3 - 2*j**2 + 4*j + 1. What is the remainder when t(u) is divided by 6?
4
Let o(z) = -15*z**3 + 2*z**2 + 3*z + 1. Let y be o(-2). Suppose -v + 4*v - y = 0. Suppose -5*n + 54 = -16. What is the remainder when v is divided by n?
13
Calculate the remainder when 25 is divided by -3 + 68/6 + 6/9.
7
Let m(r) = -28*r**3 + r**2 + 2*r + 1. Let n be m(-1). Suppose 2*b - n - 4 = 0. Let g = 90 + -59. What is the remainder when g is divided by b?
15
Let h = -3 + 3. Suppose 3*l + 74 = 5*s, h*l - 4*l + 40 = 4*s. What is the remainder when 49 is divided by s?
10
Let k = -9 + 17. Calculate the remainder when 21 is divided by k.
5
Suppose 5*h = -5*v, 0*v + 3*v = -2*h - 4. What is the remainder when (-22)/(1 + (-2 - 1)) is divided by h?
3
Suppose -5*l + 31 = 6. Suppose -4*z = -j - 29, z + 2*j - l = -0*j. What is the remainder when z is divided by 5?
2
Suppose 2*w - 160 = 7*w. Calculate the remainder when 57 is divided by 2/(-3)*(w - -2).
17
Let m = -14 + 25. Calculate the remainder when 86 is divided by m.
9
Let z(s) = s + 3. Let b = 105 + -91. What is the remainder when b is divided by z(5)?
6
Let s = -6 + 3. Let j be -1 - 0 - (-15)/s. Calculate the remainder when 25 is divided by (-185)/(-15) + (-4)/j.
12
Suppose -m + 22 + 80 = 0. What is the remainder when m is divided by 27?
21
Suppose 3*p - 18 = -g, -4*g - g = -3*p. Suppose -5*q + 4*m + 9 = 0, -1 + 18 = p*q - 2*m. What is the remainder when q is divided by 3?
2
What is the remainder when (306/(-21))/(6/(-28)) is divided by 35?
33
Let a(h) = -h + 9. What is the remainder when 51 is divided by a(-4)?
12
Suppose 5*s + 3*v = 245, 0*s = s + v - 